t is the remainder when 21715 is divided by 1802?
91
Calculate the remainder when 1585257 is divided by 187.
58
Calculate the remainder when 11091327 is divided by 1168.
1167
Calculate the remainder when 230069 is divided by 194.
179
Calculate the remainder when 35743195 is divided by 147.
145
Calculate the remainder when 3068567 is divided by 15.
2
What is the remainder when 25301400 is divided by 100?
0
Calculate the remainder when 3458349 is divided by 75.
24
Calculate the remainder when 322595295 is divided by 190.
185
What is the remainder when 1911369 is divided by 1788?
1785
What is the remainder when 34333 is divided by 34082?
251
What is the remainder when 1648648 is divided by 329?
29
What is the remainder when 2908487 is divided by 132?
131
Calculate the remainder when 172068459 is divided by 5561.
5558
What is the remainder when 67173703 is divided by 491?
484
Calculate the remainder when 122668 is divided by 1874.
858
Calculate the remainder when 2722184824 is divided by 25.
24
Calculate the remainder when 14530 is divided by 7043.
444
What is the remainder when 637856 is divided by 1199?
1187
Calculate the remainder when 402347 is divided by 30.
17
What is the remainder when 6438605 is divided by 34?
25
What is the remainder when 186891 is divided by 4787?
198
What is the remainder when 2888 is divided by 480?
8
What is the remainder when 4830859 is divided by 110?
99
What is the remainder when 57081845 is divided by 94?
63
What is the remainder when 4043879 is divided by 7993?
7414
Calculate the remainder when 82759 is divided by 103.
50
What is the remainder when 26295 is divided by 485?
105
Calculate the remainder when 18948522 is divided by 15.
12
What is the remainder when 930024 is divided by 1820?
4
What is the remainder when 1362546 is divided by 43?
5
What is the remainder when 444329 is divided by 587?
557
Calculate the remainder when 532491 is divided by 421.
347
Calculate the remainder when 1148973 is divided by 632.
629
Calculate the remainder when 139633 is divided by 12628.
725
What is the remainder when 547669 is divided by 8688?
325
Calculate the remainder when 3012814 is divided by 60254.
114
What is the remainder when 27149712 is divided by 83?
80
Calculate the remainder when 9310381 is divided by 358091.
15
Calculate the remainder when 156010058 is divided by 2260.
2258
Calculate the remainder when 5997846 is divided by 288.
246
Calculate the remainder when 1307611 is divided by 37.
31
Calculate the remainder when 5302327 is divided by 23671.
23
Calculate the remainder when 666862986 is divided by 814.
812
What is the remainder when 14152541 is divided by 5152?
5149
Calculate the remainder when 3951105 is divided by 10.
5
What is the remainder when 85821 is divided by 161?
8
What is the remainder when 742335 is divided by 4265?
225
What is the remainder when 27635 is divided by 28?
27
Calculate the remainder when 23557145 is divided by 27.
23
Calculate the remainder when 31432 is divided by 6267.
97
What is the remainder when 7292040 is divided by 4732?
28
Calculate the remainder when 297475 is divided by 125.
100
Calculate the remainder when 831370 is divided by 831347.
23
What is the remainder when 8495403 is divided by 463?
279
Calculate the remainder when 26265750 is divided by 172.
146
Calculate the remainder when 17257206 is divided by 108.
102
Calculate the remainder when 53162990 is divided by 28010.
10
What is the remainder when 113862 is divided by 56467?
928
Calculate the remainder when 26978 is divided by 153.
50
What is the remainder when 3033985 is divided by 7662?
7495
What is the remainder when 131075341 is divided by 1357?
1354
What is the remainder when 453714 is divided by 15643?
67
Calculate the remainder when 17523364 is divided by 38.
6
Calculate the remainder when 1268754 is divided by 633830.
1094
What is the remainder when 1335797419 is divided by 721?
719
What is the remainder when 2298603 is divided by 2298565?
38
Calculate the remainder when 747743428 is divided by 23.
19
What is the remainder when 10909206 is divided by 858?
594
What is the remainder when 2113329 is divided by 372?
369
Calculate the remainder when 115069 is divided by 895.
509
What is the remainder when 518875 is divided by 292?
283
What is the remainder when 12948 is divided by 462?
12
Calculate the remainder when 2411734 is divided by 62.
58
Calculate the remainder when 112374 is divided by 56182.
10
What is the remainder when 2970794 is divided by 470?
394
Calculate the remainder when 66975893 is divided by 935.
908
Calculate the remainder when 2243515 is divided by 1121628.
259
Calculate the remainder when 225654 is divided by 24959.
1023
Calculate the remainder when 238285861 is divided by 3129.
3124
What is the remainder when 108780709 is divided by 60?
49
What is the remainder when 19399733 is divided by 7?
3
What is the remainder when 6261025 is divided by 1568?
1
What is the remainder when 399458 is divided by 88?
26
What is the remainder when 26263800 is divided by 13131897?
6
What is the remainder when 17590905 is divided by 144?
9
Calculate the remainder when 14111 is divided by 2756.
331
Calculate the remainder when 9654773 is divided by 109.
98
Calculate the remainder when 2102200 is divided by 612.
592
Calculate the remainder when 2644942 is divided by 884.
14
Calculate the remainder when 76128746 is divided by 1515.
1511
Calculate the remainder when 146151 is divided by 36336.
807
What is the remainder when 254208 is divided by 127089?
30
What is the remainder when 2373148 is divided by 237300?
148
Calculate the remainder when 1685294 is divided by 210660.
14
What is the remainder when 7684 is divided by 2048?
1540
Calculate the remainder when 4033371 is divided by 197.
190
Calculate the remainder when 5675404 is divided by 9459.
4
What is the remainder when 16209007 is divided by 16209007?
0
Calculate the remainder when 21399946 is divided by 51196.
18
Calculate the remainder when 15659234 is divided by 1349.
42
What is the remainder when 73574688 is divided by 772?
0
Calculate the remainder when 3196486 is divided by 1598221.
44
What is the remainder when 79459705 is divided by 64?
57
What is the remainder when 51396950 is divided by 4672450?
0
Calculate the remainder when 87968 is divided by 313.
15
What is the remainder when 6248150 is divided by 6248137?
13
Calculate the remainder when 3865205 is divided by 966289.
49
Calculate the remainder when 79554164 is divided by 77.
74
Calculate the remainder when 2591280 is divided by 295.
0
Calculate the remainder when 241776531 is divided by 6959.
6953
Calculate the remainder when 28134429 is divided by 122.
9
What is the remainder when 99201407 is divided by 14?
11
Calculate the remainder when 40012221 is divided by 72.
21
What is the remainder when 1647610 is divided by 1647587?
23
Calculate the remainder when 219968 is divided by 4481.
399
Calculate the remainder when 190106 is divided by 95008.
90
Calculate the remainder when 6419421 is divided by 2727.
63
What is the remainder when 2904917 is divided by 8137?
8
Calculate the remainder when 688642 is divided by 688357.
285
What is the remainder when 9794599 is divided by 2179?
2173
Calculate the remainder when 14835 is divided by 1438.
455
What is the remainder when 1282425 is divided by 79?
18
Calculate the remainder when 64375 is divided by 1685.
345
What is the remainder when 2714 is divided by 295?
59
Calculate the remainder when 162742156 is divided by 2393267.
0
Calculate the remainder when 14643624 is divided by 1657.
715
Calculate the remainder when 23514973 is divided by 11757469.
35
Calculate the remainder when 27168371 is divided by 363.
362
What is the remainder when 134728 is divided by 12232?
176
Calculate the remainder when 16502070 is divided by 6681.
0
What is the remainder when 22569 is divided by 1053?
456
Calculate the remainder when 315577391 is divided by 3621.
3620
What is the remainder when 1351588 is divided by 73?
66
What is the remainder when 262634 is divided by 223?
163
Calculate the remainder when 1777661 is divided by 211.
197
What is the remainder when 124609808 is divided by 24?
8
What is the remainder when 436954 is divided by 145649?
7
Calculate the remainde